 j. What is the hundreds digit of s?
2
Let j(w) = -21939*w**3 + 4*w**2 + 6*w + 3. What is the units digit of j(-1)?
0
Let k be (-4 + 5)/(2*1/(-46)). Let b(d) = -33*d - 19. What is the hundreds digit of b(k)?
7
Suppose 5*d - 15023 + 3398 = 0. Suppose 0 = -3*w + d - 30. What is the units digit of w?
5
Suppose -2*z + 0*f + 8833 = f, 5*z - 22084 = -f. Suppose 7*d - z = 3787. What is the tens digit of d?
7
Let n(x) = -2246*x - 1996. What is the tens digit of n(-5)?
3
Let y(r) = r**3 + r**2 - 2*r - 143. Let c be y(0). Let z be 26/c - 3436/(-22). Suppose -z = -7*i + 5*i. What is the tens digit of i?
7
Let p = 1 - -1. Suppose -p*x = 1 - 9. Suppose -4*b - 212 = -x*j, 5*j - 2*b + b - 277 = 0. What is the tens digit of j?
5
Let z = 65 + -57. Suppose -z*b + 28 - 4 = 0. Suppose -q = b*q - 40. What is the units digit of q?
0
What is the tens digit of 2/12*39/(-26)*-3508?
7
Let d(g) = 9*g + 88*g**3 - 81*g**3 - 3*g**2 - 20*g + 44. What is the hundreds digit of d(3)?
1
Suppose -2*b + 16*b = 98. What is the units digit of 4022/14 + (-2)/b?
7
Suppose z = -4*l + 3*z + 25772, l - 6457 = 4*z. What is the thousands digit of l?
6
Let g(s) = -4*s - 106. Let n be g(-26). Let p(c) = -235*c + 4. What is the units digit of p(n)?
4
What is the tens digit of 277308/100 + 4/(-50)?
7
Suppose 12*u - 7*u = 105. Suppose 0 = u*m - 2911 - 6497. What is the units digit of m?
8
Suppose -2*z + 6*z = 5*n - 99, 3*z + 108 = -3*n. Let g = z - -34. Suppose g*o - o - 48 = 0. What is the tens digit of o?
2
Suppose 4*o = -4*d + 174 + 10, 0 = d + 3. Suppose -o*r + 51*r = 302. What is the tens digit of r?
5
What is the tens digit of (-89)/1157 + 437742/78?
1
Let h(r) = r**3 - 5*r**2 + 2*r - 6. Let x be (18/(-8))/((-5)/60*3). What is the hundreds digit of h(x)?
3
Let w(h) = 5*h**2 + 5*h - 10. Let u(q) = q**3 + 2*q**2 + 7*q + 5. Let l be u(-2). What is the hundreds digit of w(l)?
3
Let f = -22 - -22. Suppose f = 3*y - 0*y - 663. Suppose 0 = -3*i - n - 2*n + 246, 2*n = 3*i - y. What is the units digit of i?
7
What is the thousands digit of (-81)/(-50 - -23)*(-1)/3*-6323?
6
Let t(f) = -f - 14. Let g be t(-12). What is the hundreds digit of (g/6)/(-2*6/13932)?
3
Suppose -609576 = -993*x + 960*x. What is the hundreds digit of x?
4
Let y = -291 + 715. Let w = 193 + y. What is the hundreds digit of w?
6
Let h(c) = -c**2 + 6*c + 1. Suppose 3*w = 3*l - 6, 4*l - 20 = l - 4*w. Let q be h(l). What is the hundreds digit of q/6*(-808)/(-12)?
1
Suppose 82959 - 39820 + 68648 = 13*x. What is the units digit of x?
9
Let n = -275 - -280. Suppose 1116 = -16*r + 17*r + 3*c, n*c = 5*r - 5480. What is the hundreds digit of r?
1
Let s = -1048 - -724. Let p = s + 625. What is the tens digit of p?
0
Let r = 392 + -854. What is the hundreds digit of 7/(r/(-27533)) + (-2)/12?
4
Suppose -48821 - 5235 = -8*j + 40160. What is the thousands digit of j?
1
Suppose 5*w = 167 + 83. Suppose 350 = w*n - 40*n. What is the tens digit of n?
3
Suppose -4*h - 2*g + 48 = -116, -194 = -5*h + 3*g. Suppose 2*u = -54 - h. Let m = u - -109. What is the tens digit of m?
6
Let s = -17619 - -25546. What is the units digit of s?
7
Suppose 18*y - 23*y = -i + 360, 0 = -i. Suppose -j + 3*j = -86. Let o = j - y. What is the tens digit of o?
2
Let o(w) = 3*w**3 - 22*w**2 - 21*w - 10. What is the tens digit of o(15)?
5
What is the thousands digit of (-2)/(-2)*(318408/54)/(18/81)?
6
Suppose v + 4*n + 6 = 0, -5*n + 1 = v + 9. Suppose -v*d - 18 = -11*d. Suppose m - 159 = -q, 0*m - d*q + 476 = 3*m. What is the hundreds digit of m?
1
Let c = -4011 + 4155. What is the tens digit of c?
4
Suppose -36*z + 64*z + 10 = 33*z. Let u(m) be the second derivative of m**5 + m**4/3 - m. What is the units digit of u(z)?
6
Let m(p) = -p**2 - 17*p - 20. Suppose -5*w - 10 + 0 = -3*o, 0 = 3*o - 2*w - 13. Let i be 140/(-8)*4/o. What is the units digit of m(i)?
2
Suppose -3*j = g, -j - 15*g + 13*g - 10 = 0. Let v = -11 + 21. What is the tens digit of 116*j + v/(-10)?
3
Let s(i) = 21*i + 18 + 285*i**2 - 281*i**2 + 43. Let n be s(-10). Suppose 2*t = -t - 5*p + 210, 3*p = 4*t - n. What is the units digit of t?
5
Let d = -10 - -15. Suppose -1122 = -d*q - 3*h, 3*h + 903 = 7*q - 3*q. What is the tens digit of q?
2
Let h be 6/4 + (-10)/4 + 1. Suppose h = 3*m + 6*v - v - 711, -2*m + 5*v + 499 = 0. What is the hundreds digit of m?
2
Let i = -50 - -79. Suppose 0 = -i*d + 23*d + 30. Suppose 2*z = -d*l + 43, -93 = -4*z - 0*z - 3*l. What is the tens digit of z?
2
Suppose -58*u - 76314 = -510038. What is the units digit of u?
8
Let n(u) = -6*u + 115. Let r be n(18). Suppose 5*a + r*x - 12*x - 3810 = 0, 0 = 4*a + x - 3038. What is the tens digit of a?
6
Let d = -104 - 59. Let i = 2629 + -2630. Let z = i - d. What is the tens digit of z?
6
Let n(s) be the third derivative of 1/5*s**5 - 40*s**2 + 0*s**3 + 0 + 1/6*s**4 + 0*s + 1/120*s**6. What is the hundreds digit of n(-8)?
2
Suppose -7*o - 12 = -19. Suppose 2*f - 3 = 4*y - 1, y + f - o = 0. What is the hundreds digit of 2/((-286)/(-284) + -1 + y)?
2
What is the thousands digit of (672/(-5))/((-5 + (-3510)/(-700))*-3)?
3
What is the units digit of 7*(-11 + 6)*(-1084)/10?
4
Suppose 4*k = -8, 7*k - 2*k + 8 = -2*u. Let w be -60*-22*u/(-8). Let o = -30 - w. What is the hundreds digit of o?
1
Suppose -4*j - a = -40370, -723 = -5*j - 3*a + 49736. What is the tens digit of j?
9
What is the ten thousands digit of (-141*(-14)/(-21))/(-9 - (-39739)/4417)?
2
Let t(u) = 1269*u**2 - 25*u - 167. What is the hundreds digit of t(-4)?
2
Suppose -5 + 0 = -d. Let t(z) = -5 + 0 + d*z + 0*z + z. What is the tens digit of t(7)?
3
Suppose -5*s - 3 = 2*m - 28, 3*m - s = -5. Let x be (-228)/(-19)*(m - -1)/1. Suppose -7*c - 315 = -x*c. What is the units digit of c?
3
Suppose -167*c = 40*c - 4192371. What is the hundreds digit of c?
2
Let r = 981 - 461. Suppose -5*u = -u - r. What is the tens digit of u?
3
Let v(k) = -174*k - 17. Let w(f) = 2*f + 1. Let j(o) = v(o) + 4*w(o). What is the units digit of j(-6)?
3
Suppose 0 = -22*r - 362 - 408. Let x = 168 + r. What is the units digit of x?
3
Suppose -2*u - 70 = -5*m + u, -m - 3 = -4*u. Let q be ((-1176)/(-36) - -11) + (-8)/(-6). Let a = q - m. What is the units digit of a?
8
Suppose j - 4*o = -j - 6, 0 = 2*o - 4. Suppose 2*x = -n + 695, 5 = -x + j. What is the units digit of n?
3
Suppose 3*k = 4*f - 118, -167 = -3*f - 4*k - 66. Let a(y) = 48*y + f + 10*y**2 - 117*y**3 + 116*y**3 + 10*y**2 + y. What is the hundreds digit of a(22)?
1
Suppose 3*x - 3*y = 9, -x + y + 15 = 4*y. Suppose -t = -4*v + 131, -10*t - 5*v = -x*t + 524. Let u = t - -286. What is the units digit of u?
5
Suppose 107*h - 5120305 = -281872. What is the tens digit of h?
1
Let u(p) = -p**2 - 6*p - 6. Let q be u(-4). Let z = 182 + -128. Suppose 3*j + q*w - 6 = 2*j, -2*w - z = -5*j. What is the units digit of j?
0
Suppose 5*l = -3*k + 8712, -8*k + 3*k = -20. What is the units digit of l?
0
Let l = 1945 + -2045. Let y(i) = -3*i**2 - 6*i - 1. Let w be y(-4). Let v = w - l. What is the tens digit of v?
7
Let c(g) = -2*g**3 - 6*g**2 - 4. Let r be c(-5). Let h = r + -35. Let l = h - 1. What is the tens digit of l?
6
Let n(i) be the second derivative of 29*i**5/120 - i**4/8 + 3*i**3 + 2*i. Let s(k) be the second derivative of n(k). What is the tens digit of s(4)?
1
Let s = 1814 + -3404. Let b = -693 - s. What is the tens digit of b?
9
Suppose -3716948 - 162280 = -111*x. What is the tens digit of x?
4
Suppose 2*w = 5*w - 2*c, -4*w - 5*c = 23. Let m be 1 - (w + 0 + -2). Suppose 4*h + 125 = 2*n - 55, -3*n = m*h - 303. What is the units digit of n?
6
Suppose -2*b + 2994 = 2*q - 816, 0 = 4*q - 2*b - 7602. What is the units digit of 40/60*q/4?
7
Let o = -238 + 344. Let g(s) = -s + 1. Let p be g(-1). Suppose -l + o = -p. What is the hundreds digit of l?
1
Let r(i) = 2*i**2 + 44*i + 24. Let o(b) = -2*b**3 + b**2 + 2*b + 3. Let z be o(0). Suppose -n = 4*y + 96, y + 7 + 17 = z*n. What is the units digit of r(y)?
0
Suppose -32*m - 255776 = -137*m + 1067434. What is the tens digit of m?
0
Let h(i) = 259*i**2 + 15*i + 7 - 240*i**2 + 8. What is the hundreds digit of h(-6)?
6
Let f(p) be the third derivative of -89*p**4/24 - 101*p**3/3 + 23*p**2. What is the tens digit of f(-16)?
2
Suppose s + 3154 = 3*n, n - 364 - 698 = 3*s. Let z = 1480 - n. What is the tens digit of z?
3
Wh